3. Is n(-6) a prime number?
True
Let a = 8 - 11. Let o = 0 - a. Is o a composite number?
False
Suppose 50 = 3*q - 5*c - 0*c, 0 = 2*q - c - 24. Suppose -2*g = 3*g - q. Is (g + -1)*0 - -35 composite?
True
Let o(q) = -39*q + 13. Is o(-12) a prime number?
False
Let t(m) be the third derivative of m**6/60 - 2*m**5/15 - m**4/12 + m**3 - m**2. Let i be t(7). Let j = i + -137. Is j a prime number?
True
Suppose 2*r - 4 = -4*k, 20 = r - 4*k + 6. Is (-2)/r + 38/6 composite?
True
Suppose -3*z + 5*j = -8074, -4*j + 8029 = 6*z - 3*z. Is z composite?
False
Let o be 1/3 - (-4)/(-12). Suppose b - 3*b + 38 = o. Is b a composite number?
False
Let p(q) = q**3 - q**2 + q - 2. Let d be p(0). Is (42 - (-4)/d) + -3 prime?
True
Suppose 0 = 4*f + 3*d - 1175, -5*f = -4*d - 0*d - 1461. Is f a prime number?
True
Let v = -5 - -8. Suppose -3*c = 12 - v, -2*c - 194 = -4*x. Is x prime?
True
Suppose -3*w = w - 8636. Is w a prime number?
False
Let d(z) be the first derivative of -7*z + 1/4*z**4 + 5*z**3 + 2*z**2 - 3. Is d(-6) a prime number?
True
Let u(v) = -v. Let n be u(5). Let d(x) = -50*x + 7. Is d(n) prime?
True
Suppose 4*c - 3 = c. Let k be (c/(-2))/((-1)/138). Let f = k + 8. Is f a prime number?
False
Suppose 0 = -0*s + 2*s + 5*a - 6598, -s + a = -3299. Is s a prime number?
True
Let k(r) be the second derivative of r**4/6 - r**3/3 + 3*r. Let g be k(2). Suppose -4*b - 5*i + 164 = -61, g*b = -2*i + 222. Is b a prime number?
False
Let j = -10 - -17. Let k = -10 + j. Let a(d) = -6*d**3 - 3*d**2 - 4. Is a(k) prime?
True
Let r(i) = i - 4. Let v be r(8). Let g = v - 7. Let j(z) = -3*z**3 - 3*z**2 - 1. Is j(g) a composite number?
False
Suppose r + 35 = -21. Suppose 0 = -2*q + k - 53 + 9, 4*k - 8 = 0. Let s = q - r. Is s a composite number?
True
Let o = 6 - 11. Let m = 1 - o. Is m composite?
True
Suppose 5*h - 806 - 927 = -2*q, 5*q = -2*h + 689. Is h prime?
True
Let h(t) = -6*t**3 + 11*t**2 + 10*t + 26. Is h(-9) prime?
False
Suppose 3464 = 3*v - 12163. Is v composite?
False
Let x(j) = 26*j - 11. Is x(3) a prime number?
True
Suppose -2*q - 5*a + 26 = 0, -5*q + a + 1 = -37. Let j(n) = 3*n + 6. Let w(x) = 3*x + 5. Let f(t) = 4*j(t) - 3*w(t). Is f(q) prime?
False
Suppose -2*l - 5*f = -0*l - 9, 4*l - 4*f = 4. Suppose -2*x + l = -2. Suppose -a + 69 = x*a. Is a prime?
True
Let a = -3 - -13. Is a/(-3)*222/(-4) a composite number?
True
Suppose 27*p - 24*p = 1437. Is p a prime number?
True
Let o(k) = -6*k**3 + 5*k**2 + 5*k + 3. Let r be o(-3). Let l = 305 - r. Let c = l + -57. Is c prime?
True
Suppose 4*a - 3*a = 14. Let u(o) = -2*o - 3. Let z be u(-4). Suppose 3*p - a = -l, 4*l = z*p - 8 - 38. Is p composite?
True
Let b(c) = 4*c**2 + 2*c - 4. Is b(-7) a prime number?
False
Is ((-7)/(-28))/((-1)/(-316)) prime?
True
Suppose 0 = -23*j + 26*j - 1563. Is j prime?
True
Let m = -394 + 701. Is m prime?
True
Suppose 3093 + 852 = 5*o. Suppose -5*z = 194 - o. Is z a composite number?
True
Suppose 2*x = -x + 1101. Is x composite?
False
Suppose 1 = k - 1. Suppose -l = 2*b - 33, l - 3*b = -k*l + 117. Is l a composite number?
False
Let i = 138 - 25. Is i a composite number?
False
Let h = 85 + 706. Is h a composite number?
True
Let v be 97/3 + (-2)/6. Let s be 3 + 4*(29 - 1). Let c = s - v. Is c a prime number?
True
Suppose -k + 6*o = 2*o - 1, 5*k - o + 14 = 0. Suppose 4*u + 1 = 3*u. Is (9 - k) + (1 - u) a prime number?
False
Let f(m) = m**2 + 2*m + 9. Let l = 8 + -16. Is f(l) a composite number?
True
Let o(s) = -s**3 - 4*s**2 + 5. Let r = 7 - 11. Let f be o(r). Suppose 3*m = -5*n + 227 + 68, -3*m + f*n + 275 = 0. Is m composite?
True
Suppose 3*d = -2*d + 3100. Suppose 2*f - d = -2*f. Is f composite?
True
Let r = 289 - 81. Suppose 4*h = 5*t + r, -3*t = h + 3*h - 176. Is h a prime number?
True
Let m = -23 + 17. Let b(x) = -2*x**2 + 7*x - 5. Let a be b(4). Is m/27 + (-1685)/a prime?
False
Let m = 1457 + -720. Is m prime?
False
Let l be (-1 - -1)*(-3)/(-6). Suppose 0 = 4*c - 5*c - 5, l = -b + c - 1. Is ((-422)/b)/1*3 a prime number?
True
Let a(m) = -135*m + 46. Is a(-7) a composite number?
False
Suppose -29 = -4*r + 175. Is r a composite number?
True
Suppose 4*i - 5*x + 1 = 0, 0*i - 3*i - 4*x = -7. Is i*76*(-6)/(-12) prime?
False
Let k(u) = 23*u**3 + 2*u**2 + 7*u - 1. Is k(4) a prime number?
True
Suppose 0*n = -5*n + 325. Suppose 5*u = 25, -2*v + 2*u = 5*u - n. Is v a prime number?
False
Let g(w) = -117*w - 4. Is g(-7) a composite number?
True
Let r(p) be the first derivative of -p**3/3 - 2*p**2 + 3*p - 1. Let h be r(-4). Is -1*h/(9/(-255)) a composite number?
True
Suppose -6*g - 20734 + 63280 = 0. Is g prime?
False
Let d be (-189210)/27 - (-6)/(-27). Let i be (-4)/10 + d/(-20). Suppose 5*x - 2*j - 451 = -0*j, 2*j - i = -4*x. Is x a prime number?
True
Let i(t) = -t**2 - t + 5. Let x be i(0). Suppose -x*g + 702 = -113. Is g composite?
False
Let j = 1 - 4. Let x = j - -7. Suppose 6 = 5*q - x. Is q prime?
True
Let y = -1264 - -2663. Is y prime?
True
Let h(b) = -b**3 - 8*b**2 + 7*b - 6. Let t be h(-9). Is t/16 - 795/(-12) a composite number?
False
Suppose f + 3 = 4*m, 0 = -4*f + m - 14 - 13. Let n(t) = -4*t - 5. Is n(f) composite?
False
Let b(a) = 532*a + 7. Let u be b(5). Suppose -2*i = i - u. Is i prime?
False
Suppose -g - 2006 = -4*d, 4*d = -d - 2*g + 2501. Let v = 940 - d. Is v prime?
True
Suppose -f = 2*f - 15. Let r(g) = 4*g**2 - 2*g - 13. Is r(f) a prime number?
False
Suppose 12 - 27 = 3*g. Let p = g - -8. Suppose -q + 11 = -2*u, p*q + 0*u = -3*u + 78. Is q a composite number?
True
Let y be (-31)/(2*(-2)/4). Let o = y + 22. Is o prime?
True
Suppose -2*d + 0*d - 4*u = 14, 5*d - u = 20. Suppose -4*f - 8 = 0, -69 = 4*v - d*f - 419. Is v a composite number?
True
Is 52*(-586)/32*-4 composite?
True
Suppose -2*d = 3*d - 215. Let s = -10 + d. Is s prime?
False
Suppose -3*s = -4*s - 25. Let p = s + 60. Is p prime?
False
Let z = 11 - 8. Suppose 5*w - z*w = -188. Let n = -59 - w. Is n composite?
True
Let s = -2 - -1. Let o be -2 - (-1 + s) - -105. Suppose -82 = -5*t + k + 93, o = 3*t - k. Is t a composite number?
True
Suppose 4*m + 2*l - 22 = 0, -2*l + 17 = 7. Is 1*(m + 1489)/4 a composite number?
False
Suppose 4*a - t + 370 = 1215, 5*t = 5*a - 1060. Is a a prime number?
True
Let b be 14 + 3/(-9)*-3. Suppose 0 = i + 4*i + 2*h + 11, -3*i = -3*h + b. Is 1*15/i*-5 composite?
True
Let d = -12 + 7. Let w(i) = -i**3 - 4*i**2 + 2*i - 7. Let r be w(-5). Let m = r + d. Is m composite?
False
Suppose 547 = q - 240. Is q composite?
False
Let v(y) = 3*y**2 - y + 1. Let o be v(1). Suppose 3*a - 38 - 181 = -3*l, 3*l = -a + 67. Suppose -o*c + 7*c = a. Is c a composite number?
False
Let h be (25/(-15))/(-5) - 3/9. Suppose -155 - 590 = -5*i. Suppose -a - 2*a - 325 = -4*b, -2*b - 3*a + i = h. Is b composite?
False
Let h(g) = 4*g**2 + 3*g - 6. Suppose 4 = -f - 3. Let c be h(f). Suppose -4*a + 2*b + 216 = 0, 0 = 3*a - b + 3*b - c. Is a prime?
False
Let f(h) = h**2 + 3*h - 3. Let d be f(8). Let x = d + -48. Is x a composite number?
False
Let z = -10 - -16. Let d = 9 - z. Suppose q - b = d*b + 153, 5*q - 3*b - 731 = 0. Is q a composite number?
True
Let s = -5 - -2. Is 80 - (5 + s)*-1 composite?
True
Suppose 4*d + 1492 = -4*j, -364 = d + 3*j + 1. Let a = 1008 + d. Is a composite?
False
Let m = -6 + 8. Suppose -747 = -f - m*f. Suppose -2*o = o - f. Is o a prime number?
True
Let u be (-3 + 6)*20/(-6). Let n = -8 - u. Suppose 0 = n*g - 106 + 4. Is g composite?
True
Let x be (3/((-12)/728))/(-1). Let i = 311 - x. Is i a prime number?
False
Let u(z) = -2*z**3 - z**2 + 4*z + 3. Let g be u(-2). Suppose 0 = -f + 5*d + 27, -3*f - d - 19 = -4*f. Let p = f - g. Is p a prime number?
False
Let b(t) = 5*t - 5. Let q = 6 + 2. Is b(q) prime?
False
Suppose 2459 = 4*x + x - 2*b, 1463 = 3*x + 5*b. Is x a composite number?
False
Is 32805/18 + (-9)/6 a prime number?
False
Let z(n) be the third derivative of 19*n**4/24 - 7*n**3/6 + 4*n**2. Is z(8) composite?
True
Suppose -w + 189 = -22. Is w composite?
False
Let u(o) = -o**3 + 29*o**2 - 12*o - 69. Is u(28) prime?
True
Let o = 912 - 256. Let g = o - 309. Is g a prime number?
True
Let s(q) = 21*q**2 - 8*q + 6. Let u be s(5). Let l = u - 282. Is l composite?
True
Suppose 8*u - 5*q = 3*u + 10, -2*u + 3*q + 7 = 0. Let p(x) = -x. Let f(y) = 7*y + 5. Let c(n) = u*f(n) + 6*p(n). Is c(-4) composite?
False
Suppose 